Calculate the highest common factor of 18 and 2637673.
1
Calculate the greatest common divisor of 70 and 492970.
10
What is the greatest common divisor of 34188 and 19999?
7
What is the greatest common factor of 16092315 and 7479?
2493
Calculate the highest common factor of 6825 and 166530.
1365
What is the greatest common divisor of 69416109 and 15309?
5103
What is the greatest common divisor of 187 and 161162969?
11
What is the greatest common divisor of 43456415 and 2735?
2735
What is the greatest common divisor of 63102648 and 29680?
2968
What is the highest common divisor of 1026 and 101572974?
1026
What is the highest common divisor of 1976 and 113505886?
494
Calculate the highest common factor of 195144 and 116184.
1128
Calculate the greatest common divisor of 24 and 6079624.
8
What is the highest common factor of 123407 and 27?
1
What is the greatest common factor of 175800 and 1656?
24
What is the highest common divisor of 7840352 and 832?
416
What is the highest common factor of 298125 and 209880?
2385
Calculate the highest common divisor of 2200 and 44727056.
88
What is the greatest common factor of 7521132 and 264?
12
Calculate the highest common factor of 4550 and 13306800.
650
Calculate the highest common divisor of 4561 and 2536.
1
What is the greatest common divisor of 37504575 and 1698?
849
Calculate the highest common factor of 42 and 109913146.
14
What is the greatest common divisor of 196205089 and 723?
241
Calculate the greatest common divisor of 91 and 5245305.
13
Calculate the highest common factor of 77 and 7943386.
11
What is the greatest common factor of 288047 and 2608651?
4057
What is the highest common divisor of 504696 and 33?
3
What is the greatest common divisor of 2625677 and 6073991?
11269
What is the greatest common divisor of 16081 and 176332?
13
What is the highest common factor of 13088 and 23596028?
1636
Calculate the highest common factor of 237061110 and 264.
66
Calculate the greatest common divisor of 18466194 and 414.
138
Calculate the highest common divisor of 3619 and 49114107.
329
Calculate the highest common factor of 2685620 and 1484.
28
Calculate the highest common divisor of 417 and 297950253.
417
What is the greatest common factor of 397829129 and 61?
61
Calculate the highest common divisor of 91 and 40220908.
91
What is the greatest common factor of 272 and 2818576?
16
Calculate the greatest common divisor of 57075 and 91800.
75
What is the highest common divisor of 360 and 115350120?
360
Calculate the greatest common divisor of 13817232 and 120.
24
Calculate the highest common divisor of 57456 and 4017968.
304
Calculate the greatest common divisor of 15864305 and 580.
145
Calculate the greatest common divisor of 14960 and 17901488.
176
What is the highest common factor of 15644968 and 552?
184
Calculate the greatest common divisor of 5844 and 97421428.
1948
Calculate the highest common divisor of 16932 and 107952788.
5644
What is the greatest common factor of 63 and 4152114?
9
Calculate the highest common divisor of 39745 and 455.
5
Calculate the highest common divisor of 713930 and 280.
70
Calculate the greatest common divisor of 3627 and 109863.
117
What is the greatest common factor of 318 and 435936819?
159
Calculate the highest common divisor of 502 and 67384966.
502
What is the greatest common divisor of 255 and 489260?
85
Calculate the highest common factor of 12824 and 7441584.
1832
Calculate the highest common factor of 50811465 and 31725.
705
Calculate the greatest common factor of 1050 and 7609700.
350
Calculate the highest common factor of 263148 and 3636.
12
Calculate the highest common factor of 2840804 and 1558.
38
Calculate the highest common factor of 1394 and 11338.
2
What is the greatest common divisor of 1113 and 4270316?
53
What is the greatest common factor of 13576 and 1672?
8
What is the highest common divisor of 10 and 377810870?
10
Calculate the greatest common factor of 824626 and 495.
11
What is the highest common factor of 226654755 and 45?
15
Calculate the greatest common divisor of 16353 and 431181.
207
What is the greatest common divisor of 323870 and 17653?
139
What is the highest common factor of 6872592 and 804?
804
What is the greatest common divisor of 17145 and 5993865?
135
What is the greatest common factor of 6329860 and 60?
20
Calculate the greatest common divisor of 15171 and 30804132.
1167
Calculate the highest common divisor of 1404 and 106039440.
468
Calculate the highest common divisor of 2568020 and 29120.
1820
Calculate the greatest common divisor of 5478 and 652629.
249
Calculate the highest common factor of 25840291 and 3526.
1763
Calculate the greatest common divisor of 4080 and 2265080.
680
Calculate the greatest common factor of 1064 and 3255464.
8
What is the highest common divisor of 7397 and 5616599?
569
Calculate the highest common factor of 22049 and 139413233.
1297
Calculate the greatest common divisor of 64914 and 2724294.
2094
Calculate the greatest common factor of 313313283 and 18.
9
Calculate the highest common divisor of 15688 and 197321.
37
What is the greatest common factor of 1661110 and 19580?
110
What is the highest common factor of 13302 and 26064?
18
Calculate the highest common factor of 2246311 and 18502.
841
What is the highest common factor of 274041 and 13?
1
What is the greatest common factor of 215 and 109425841?
43
What is the greatest common divisor of 161624 and 41563?
89
What is the highest common factor of 2700100 and 150?
50
Calculate the highest common factor of 5061951 and 1467.
9
What is the greatest common divisor of 70239 and 53625?
39
What is the greatest common factor of 4088040 and 84597?
489
Calculate the highest common factor of 15 and 4550430.
15
What is the greatest common factor of 3133216 and 2144?
32
Calculate the highest common factor of 66479385 and 84371.
4963
What is the greatest common divisor of 975076510 and 424?
106
Calculate the highest common factor of 56513560 and 144640.
4520
Calculate the highest common divisor of 8119265 and 1155.
385
What is the highest common factor of 3105391 and 46?
23
What is the greatest common divisor of 84 and 9406341?
21
Calculate the greatest common factor of 2601628 and 316.
316
What is the highest common factor of 2684 and 11776172?
244
Calculate the greatest common divisor of 3804060 and 5460.
780
What is the greatest common divisor of 3476 and 27573212?
316
Calculate the greatest common divisor of 8671882 and 2318.
122
What is the greatest common factor of 49912304 and 416?
208
Calculate the greatest common divisor of 7 and 313837181.
7
What is the greatest common divisor of 11262270 and 9960?
2490
Calculate the highest common factor of 109984 and 64.
32
What is the highest common divisor of 104777 and 3741?
29
Calculate the highest common divisor of 16008135 and 387090.
2805
What is the greatest common factor of 4760 and 20501915?
595
What is the greatest common divisor of 16109170 and 4235?
385
What is the highest common factor of 69 and 35220061?
23
What is the highest common factor of 2780 and 152091020?
2780
What is the highest common factor of 162192 and 274128?
48
What is the highest common divisor of 83942999 and 1042?
521
What is the highest common divisor of 3739 and 132278342?
3739
Calculate the highest common divisor of 403 and 4154434.
31
What is the highest common divisor of 189448953 and 23?
23
Calculate the highest common factor of 1340696 and 14329.
623
Calculate the greatest common factor of 31382 and 10897.
17
Calculate the highest common divisor of 2868868 and 30.
2
What is the greatest common divisor of 106307388 and 16588?
1276
Calculate the greatest common divisor of 1468 and 586129828.
1468
What is the highest common factor of 12095 and 219965?
205
What is the greatest common factor of 1011 and 3150?
3
Calculate the greatest common factor of 10192437 and 92079.
7083
What is the highest common factor of 451 and 1814906?
41
What is the greatest common factor of 8684088 and 168?
168
What is the greatest common divisor of 104 and 42206827?
13
Calculate the highest common divisor of 9624 and 6340056.
24
Calculate the highest common divisor of 230 and 5884504.
46
What is the highest common divisor of 1349912 and 7005718?
4066
